{"id":25,"date":"2018-07-17T19:10:33","date_gmt":"2018-07-17T19:10:33","guid":{"rendered":"https:\/\/prevenseg-treinamentos.com.br\/portaldaprevencao\/?page_id=25"},"modified":"2018-07-19T18:52:56","modified_gmt":"2018-07-19T18:52:56","slug":"sobre-o-autor","status":"publish","type":"page","link":"https:\/\/prevenseg-treinamentos.com.br\/portaldaprevencao\/sobre-o-autor\/","title":{"rendered":"Sobre o Autor"},"content":{"rendered":"<p><img fetchpriority=\"high\" decoding=\"async\" class=\"size-full wp-image-117 alignleft\" src=\"https:\/\/prevenseg-treinamentos.com.br\/portaldaprevencao\/wp-content\/uploads\/2018\/07\/EU-ATUAL.jpg\" alt=\"\" width=\"411\" height=\"400\" srcset=\"https:\/\/prevenseg-treinamentos.com.br\/portaldaprevencao\/wp-content\/uploads\/2018\/07\/EU-ATUAL.jpg 411w, https:\/\/prevenseg-treinamentos.com.br\/portaldaprevencao\/wp-content\/uploads\/2018\/07\/EU-ATUAL-300x292.jpg 300w\" sizes=\"(max-width: 411px) 100vw, 411px\" \/>Meu nome \u00e9 Diones Chelenper, sou profissional com forma\u00e7\u00e3o t\u00e9cnica na \u00e1rea de Seguran\u00e7a do Trabalho, Bombeiro Civil, Instrutor de Brigadas de Emerg\u00eancia e Supervisor de Trabalhos em Altura.<\/p>\n<p>Cursei a forma\u00e7\u00e3o t\u00e9cnica na \u00e1rea de seguran\u00e7a do trabalho atrav\u00e9s do Senai de SC e me formei em meados de 2007, atuando deste ent\u00e3o na \u00e1rea como prevencionista.<\/p>\n<p>Atuo como Bombeiro Civil junto ao Corpo de Bombeiros Militar de Santa Catarina desde o ano de 2004, ano de forma\u00e7\u00e3o.<\/p>\n<p>Com a aprova\u00e7\u00e3o e as exig\u00eancias da Norma Regulamentadora n\u00ba 35 (NR &#8211; 35) do Minist\u00e9rio do Trabalho e Emprego em 2012, fiz pela primeira vez o curso de Supervisor de Trabalhos em Altura na Empresa Altiseg, em Curitiba PR.<\/p>\n<p>Com a aprova\u00e7\u00e3o da Instru\u00e7\u00e3o Normativa n\u00ba 28 (IN &#8211; 28) do\u00a0Corpo de Bombeiros Militar de Santa Catarina, a institui\u00e7\u00e3o come\u00e7ou exigir que os instrutores de brigadas de emerg\u00eancias fossem credenciados junto \u00e0 mesma e para isto os mesmos deveriam ser aprovados em prova realizada pelo pr\u00f3prio Corpo de Bombeiros.<\/p>\n<p>Diante de tal exig\u00eancia, no ano de 2015 realizei a prova para credenciamento e fui aprovado, recebendo ent\u00e3o minha credencial, a qual me d\u00e1 o t\u00edtulo de Instrutor de Brigadas de Emerg\u00eancia.<\/p>\n<p>Como a validade desta credencial \u00e9 de dois anos, em 2017 realizei a prova pela segunda vez, validando minha credencial por mais dois anos.<\/p>\n<p>Desde a forma\u00e7\u00e3o como Bombeiro Civil atuo como prevencionista, aumentando ainda mais o foco em preven\u00e7\u00e3o ap\u00f3s ingressar no curso t\u00e9cnico em seguran\u00e7a do trabalho.<\/p>\n<p>Durante estes mais de 10 anos atuando na \u00e1rea como T\u00e9cnico em Seguran\u00e7a do Trabalho, trabalhei na constru\u00e7\u00e3o civil (constru\u00e7\u00e3o de barragem e escava\u00e7\u00e3o subterr\u00e2nea), ind\u00fastria cer\u00e2mica e cal\u00e7adista e na \u00e1rea portu\u00e1ria.<\/p>\n<p>Atualmente atuo na \u00e1rea de preven\u00e7\u00e3o de acidentes do trabalho, preven\u00e7\u00e3o e combate a inc\u00eandios como Instrutor T\u00e9cnico, ministrando cursos, treinamentos e palestras sobre seguran\u00e7a do trabalho, preven\u00e7\u00e3o de inc\u00eandios e primeiros socorros, junto \u00e0 Prevenseg Treinamentos, onde tamb\u00e9m sou Respons\u00e1vel T\u00e9cnico.<\/p>\n<p>Sou idealizador e fundador da Prevenseg Treinamentos, empresa especializada em orientar, treinar e capacitar recursos humanos, sempre visando a preven\u00e7\u00e3o de acidentes do trabalho, preven\u00e7\u00e3o de inc\u00eandios e capacita\u00e7\u00e3o para o atendimento de primeiros socorros.<\/p>\n<p>Sou idealizador, criador e editor respons\u00e1vel pelo Portal da Preven\u00e7\u00e3o.<\/p>\n<h3>Forma\u00e7\u00e3o:<\/h3>\n<ul>\n<li>T\u00e9cnico em Seguran\u00e7a do Trabalho<\/li>\n<\/ul>\n<p>Reg TEM SC\/003126.7 &#8211;\u00a0CREA: 137978-0<\/p>\n<ul>\n<li>Instrutor de Brigadistas<\/li>\n<\/ul>\n<p>Credencial &#8211;\u00a0 CBMSC\/2269<\/p>\n<ul>\n<li>Supervisor de Trabalho em Altura<\/li>\n<li>Bombeiro Civil<\/li>\n<\/ul>\n<h3><strong>Contatos:<\/strong><\/h3>\n<p>Telefone: (48) 99112-2095<\/p>\n<p>Whats app: (48) 99614-4084<\/p>\n<p>E-mail: contato@prevenseg-treinamentos.com.br<\/p>\n<p>Site: www.prevenseg-treinamentos.com.br<\/p>\n","protected":false},"excerpt":{"rendered":"<p>Meu nome \u00e9 Diones Chelenper, sou profissional com forma\u00e7\u00e3o t\u00e9cnica na \u00e1rea de Seguran\u00e7a do Trabalho, Bombeiro Civil, Instrutor de Brigadas de Emerg\u00eancia e Supervisor de Trabalhos em Altura. Cursei a forma\u00e7\u00e3o t\u00e9cnica na \u00e1rea de seguran\u00e7a do trabalho atrav\u00e9s do Senai de SC e me formei em meados de 2007, atuando deste ent\u00e3o na [&hellip;]<\/p>\n","protected":false},"author":1,"featured_media":0,"parent":0,"menu_order":0,"comment_status":"closed","ping_status":"closed","template":"","meta":{"_exactmetrics_skip_tracking":false,"_exactmetrics_sitenote_active":false,"_exactmetrics_sitenote_note":"","_exactmetrics_sitenote_category":0,"footnotes":""},"class_list":["post-25","page","type-page","status-publish","hentry"],"yoast_head":"<!-- This site is optimized with the Yoast SEO plugin v27.2 - https:\/\/yoast.com\/product\/yoast-seo-wordpress\/ -->\n<title>Sobre o Autor - Blog Portal da Preven\u00e7\u00e3o<\/title>\n<meta name=\"robots\" content=\"index, follow, max-snippet:-1, max-image-preview:large, max-video-preview:-1\" \/>\n<link rel=\"canonical\" href=\"https:\/\/prevenseg-treinamentos.com.br\/portaldaprevencao\/sobre-o-autor\/\" \/>\n<meta property=\"og:locale\" content=\"pt_PT\" \/>\n<meta property=\"og:type\" content=\"article\" \/>\n<meta property=\"og:title\" content=\"Sobre o Autor - Blog Portal da Preven\u00e7\u00e3o\" \/>\n<meta property=\"og:description\" content=\"Meu nome \u00e9 Diones Chelenper, sou profissional com forma\u00e7\u00e3o t\u00e9cnica na \u00e1rea de Seguran\u00e7a do Trabalho, Bombeiro Civil, Instrutor de Brigadas de Emerg\u00eancia e Supervisor de Trabalhos em Altura. Cursei a forma\u00e7\u00e3o t\u00e9cnica na \u00e1rea de seguran\u00e7a do trabalho atrav\u00e9s do Senai de SC e me formei em meados de 2007, atuando deste ent\u00e3o na [&hellip;]\" \/>\n<meta property=\"og:url\" content=\"https:\/\/prevenseg-treinamentos.com.br\/portaldaprevencao\/sobre-o-autor\/\" \/>\n<meta property=\"og:site_name\" content=\"Blog Portal da Preven\u00e7\u00e3o\" \/>\n<meta property=\"article:publisher\" content=\"https:\/\/www.facebook.com\/prevensetreinamentos\/\" \/>\n<meta property=\"article:modified_time\" content=\"2018-07-19T18:52:56+00:00\" \/>\n<meta property=\"og:image\" content=\"https:\/\/prevenseg-treinamentos.com.br\/portaldaprevencao\/wp-content\/uploads\/2018\/07\/EU-ATUAL.jpg\" \/>\n<meta name=\"twitter:card\" content=\"summary_large_image\" \/>\n<meta name=\"twitter:label1\" content=\"Tempo estimado de leitura\" \/>\n\t<meta name=\"twitter:data1\" content=\"2 minutos\" \/>\n<script type=\"application\/ld+json\" class=\"yoast-schema-graph\">{\"@context\":\"https:\/\/schema.org\",\"@graph\":[{\"@type\":\"WebPage\",\"@id\":\"https:\/\/prevenseg-treinamentos.com.br\/portaldaprevencao\/sobre-o-autor\/\",\"url\":\"https:\/\/prevenseg-treinamentos.com.br\/portaldaprevencao\/sobre-o-autor\/\",\"name\":\"Sobre o Autor - Blog Portal da Preven\u00e7\u00e3o\",\"isPartOf\":{\"@id\":\"https:\/\/prevenseg-treinamentos.com.br\/portaldaprevencao\/#website\"},\"primaryImageOfPage\":{\"@id\":\"https:\/\/prevenseg-treinamentos.com.br\/portaldaprevencao\/sobre-o-autor\/#primaryimage\"},\"image\":{\"@id\":\"https:\/\/prevenseg-treinamentos.com.br\/portaldaprevencao\/sobre-o-autor\/#primaryimage\"},\"thumbnailUrl\":\"https:\/\/prevenseg-treinamentos.com.br\/portaldaprevencao\/wp-content\/uploads\/2018\/07\/EU-ATUAL.jpg\",\"datePublished\":\"2018-07-17T19:10:33+00:00\",\"dateModified\":\"2018-07-19T18:52:56+00:00\",\"breadcrumb\":{\"@id\":\"https:\/\/prevenseg-treinamentos.com.br\/portaldaprevencao\/sobre-o-autor\/#breadcrumb\"},\"inLanguage\":\"pt-PT\",\"potentialAction\":[{\"@type\":\"ReadAction\",\"target\":[\"https:\/\/prevenseg-treinamentos.com.br\/portaldaprevencao\/sobre-o-autor\/\"]}]},{\"@type\":\"ImageObject\",\"inLanguage\":\"pt-PT\",\"@id\":\"https:\/\/prevenseg-treinamentos.com.br\/portaldaprevencao\/sobre-o-autor\/#primaryimage\",\"url\":\"https:\/\/prevenseg-treinamentos.com.br\/portaldaprevencao\/wp-content\/uploads\/2018\/07\/EU-ATUAL.jpg\",\"contentUrl\":\"https:\/\/prevenseg-treinamentos.com.br\/portaldaprevencao\/wp-content\/uploads\/2018\/07\/EU-ATUAL.jpg\",\"width\":411,\"height\":400},{\"@type\":\"BreadcrumbList\",\"@id\":\"https:\/\/prevenseg-treinamentos.com.br\/portaldaprevencao\/sobre-o-autor\/#breadcrumb\",\"itemListElement\":[{\"@type\":\"ListItem\",\"position\":1,\"name\":\"In\u00edcio\",\"item\":\"https:\/\/prevenseg-treinamentos.com.br\/portaldaprevencao\/\"},{\"@type\":\"ListItem\",\"position\":2,\"name\":\"Sobre o Autor\"}]},{\"@type\":\"WebSite\",\"@id\":\"https:\/\/prevenseg-treinamentos.com.br\/portaldaprevencao\/#website\",\"url\":\"https:\/\/prevenseg-treinamentos.com.br\/portaldaprevencao\/\",\"name\":\"Portal da Preven\u00e7\u00e3o\",\"description\":\"Sa\u00fade e Seguran\u00e7a do Trabalho\",\"publisher\":{\"@id\":\"https:\/\/prevenseg-treinamentos.com.br\/portaldaprevencao\/#organization\"},\"potentialAction\":[{\"@type\":\"SearchAction\",\"target\":{\"@type\":\"EntryPoint\",\"urlTemplate\":\"https:\/\/prevenseg-treinamentos.com.br\/portaldaprevencao\/?s={search_term_string}\"},\"query-input\":{\"@type\":\"PropertyValueSpecification\",\"valueRequired\":true,\"valueName\":\"search_term_string\"}}],\"inLanguage\":\"pt-PT\"},{\"@type\":\"Organization\",\"@id\":\"https:\/\/prevenseg-treinamentos.com.br\/portaldaprevencao\/#organization\",\"name\":\"Prevenseg Treinamentos\",\"url\":\"https:\/\/prevenseg-treinamentos.com.br\/portaldaprevencao\/\",\"logo\":{\"@type\":\"ImageObject\",\"inLanguage\":\"pt-PT\",\"@id\":\"https:\/\/prevenseg-treinamentos.com.br\/portaldaprevencao\/#\/schema\/logo\/image\/\",\"url\":\"https:\/\/prevenseg-treinamentos.com.br\/portaldaprevencao\/wp-content\/uploads\/2018\/07\/LOGO-PHOTOSHOP.png\",\"contentUrl\":\"https:\/\/prevenseg-treinamentos.com.br\/portaldaprevencao\/wp-content\/uploads\/2018\/07\/LOGO-PHOTOSHOP.png\",\"width\":823,\"height\":448,\"caption\":\"Prevenseg Treinamentos\"},\"image\":{\"@id\":\"https:\/\/prevenseg-treinamentos.com.br\/portaldaprevencao\/#\/schema\/logo\/image\/\"},\"sameAs\":[\"https:\/\/www.facebook.com\/prevensetreinamentos\/\"]}]}<\/script>\n<!-- \/ Yoast SEO plugin. -->","yoast_head_json":{"title":"Sobre o Autor - Blog Portal da Preven\u00e7\u00e3o","robots":{"index":"index","follow":"follow","max-snippet":"max-snippet:-1","max-image-preview":"max-image-preview:large","max-video-preview":"max-video-preview:-1"},"canonical":"https:\/\/prevenseg-treinamentos.com.br\/portaldaprevencao\/sobre-o-autor\/","og_locale":"pt_PT","og_type":"article","og_title":"Sobre o Autor - Blog Portal da Preven\u00e7\u00e3o","og_description":"Meu nome \u00e9 Diones Chelenper, sou profissional com forma\u00e7\u00e3o t\u00e9cnica na \u00e1rea de Seguran\u00e7a do Trabalho, Bombeiro Civil, Instrutor de Brigadas de Emerg\u00eancia e Supervisor de Trabalhos em Altura. Cursei a forma\u00e7\u00e3o t\u00e9cnica na \u00e1rea de seguran\u00e7a do trabalho atrav\u00e9s do Senai de SC e me formei em meados de 2007, atuando deste ent\u00e3o na [&hellip;]","og_url":"https:\/\/prevenseg-treinamentos.com.br\/portaldaprevencao\/sobre-o-autor\/","og_site_name":"Blog Portal da Preven\u00e7\u00e3o","article_publisher":"https:\/\/www.facebook.com\/prevensetreinamentos\/","article_modified_time":"2018-07-19T18:52:56+00:00","og_image":[{"url":"https:\/\/prevenseg-treinamentos.com.br\/portaldaprevencao\/wp-content\/uploads\/2018\/07\/EU-ATUAL.jpg","type":"","width":"","height":""}],"twitter_card":"summary_large_image","twitter_misc":{"Tempo estimado de leitura":"2 minutos"},"schema":{"@context":"https:\/\/schema.org","@graph":[{"@type":"WebPage","@id":"https:\/\/prevenseg-treinamentos.com.br\/portaldaprevencao\/sobre-o-autor\/","url":"https:\/\/prevenseg-treinamentos.com.br\/portaldaprevencao\/sobre-o-autor\/","name":"Sobre o Autor - Blog Portal da Preven\u00e7\u00e3o","isPartOf":{"@id":"https:\/\/prevenseg-treinamentos.com.br\/portaldaprevencao\/#website"},"primaryImageOfPage":{"@id":"https:\/\/prevenseg-treinamentos.com.br\/portaldaprevencao\/sobre-o-autor\/#primaryimage"},"image":{"@id":"https:\/\/prevenseg-treinamentos.com.br\/portaldaprevencao\/sobre-o-autor\/#primaryimage"},"thumbnailUrl":"https:\/\/prevenseg-treinamentos.com.br\/portaldaprevencao\/wp-content\/uploads\/2018\/07\/EU-ATUAL.jpg","datePublished":"2018-07-17T19:10:33+00:00","dateModified":"2018-07-19T18:52:56+00:00","breadcrumb":{"@id":"https:\/\/prevenseg-treinamentos.com.br\/portaldaprevencao\/sobre-o-autor\/#breadcrumb"},"inLanguage":"pt-PT","potentialAction":[{"@type":"ReadAction","target":["https:\/\/prevenseg-treinamentos.com.br\/portaldaprevencao\/sobre-o-autor\/"]}]},{"@type":"ImageObject","inLanguage":"pt-PT","@id":"https:\/\/prevenseg-treinamentos.com.br\/portaldaprevencao\/sobre-o-autor\/#primaryimage","url":"https:\/\/prevenseg-treinamentos.com.br\/portaldaprevencao\/wp-content\/uploads\/2018\/07\/EU-ATUAL.jpg","contentUrl":"https:\/\/prevenseg-treinamentos.com.br\/portaldaprevencao\/wp-content\/uploads\/2018\/07\/EU-ATUAL.jpg","width":411,"height":400},{"@type":"BreadcrumbList","@id":"https:\/\/prevenseg-treinamentos.com.br\/portaldaprevencao\/sobre-o-autor\/#breadcrumb","itemListElement":[{"@type":"ListItem","position":1,"name":"In\u00edcio","item":"https:\/\/prevenseg-treinamentos.com.br\/portaldaprevencao\/"},{"@type":"ListItem","position":2,"name":"Sobre o Autor"}]},{"@type":"WebSite","@id":"https:\/\/prevenseg-treinamentos.com.br\/portaldaprevencao\/#website","url":"https:\/\/prevenseg-treinamentos.com.br\/portaldaprevencao\/","name":"Portal da Preven\u00e7\u00e3o","description":"Sa\u00fade e Seguran\u00e7a do Trabalho","publisher":{"@id":"https:\/\/prevenseg-treinamentos.com.br\/portaldaprevencao\/#organization"},"potentialAction":[{"@type":"SearchAction","target":{"@type":"EntryPoint","urlTemplate":"https:\/\/prevenseg-treinamentos.com.br\/portaldaprevencao\/?s={search_term_string}"},"query-input":{"@type":"PropertyValueSpecification","valueRequired":true,"valueName":"search_term_string"}}],"inLanguage":"pt-PT"},{"@type":"Organization","@id":"https:\/\/prevenseg-treinamentos.com.br\/portaldaprevencao\/#organization","name":"Prevenseg Treinamentos","url":"https:\/\/prevenseg-treinamentos.com.br\/portaldaprevencao\/","logo":{"@type":"ImageObject","inLanguage":"pt-PT","@id":"https:\/\/prevenseg-treinamentos.com.br\/portaldaprevencao\/#\/schema\/logo\/image\/","url":"https:\/\/prevenseg-treinamentos.com.br\/portaldaprevencao\/wp-content\/uploads\/2018\/07\/LOGO-PHOTOSHOP.png","contentUrl":"https:\/\/prevenseg-treinamentos.com.br\/portaldaprevencao\/wp-content\/uploads\/2018\/07\/LOGO-PHOTOSHOP.png","width":823,"height":448,"caption":"Prevenseg Treinamentos"},"image":{"@id":"https:\/\/prevenseg-treinamentos.com.br\/portaldaprevencao\/#\/schema\/logo\/image\/"},"sameAs":["https:\/\/www.facebook.com\/prevensetreinamentos\/"]}]}},"post_mailing_queue_ids":[],"_links":{"self":[{"href":"https:\/\/prevenseg-treinamentos.com.br\/portaldaprevencao\/wp-json\/wp\/v2\/pages\/25","targetHints":{"allow":["GET"]}}],"collection":[{"href":"https:\/\/prevenseg-treinamentos.com.br\/portaldaprevencao\/wp-json\/wp\/v2\/pages"}],"about":[{"href":"https:\/\/prevenseg-treinamentos.com.br\/portaldaprevencao\/wp-json\/wp\/v2\/types\/page"}],"author":[{"embeddable":true,"href":"https:\/\/prevenseg-treinamentos.com.br\/portaldaprevencao\/wp-json\/wp\/v2\/users\/1"}],"replies":[{"embeddable":true,"href":"https:\/\/prevenseg-treinamentos.com.br\/portaldaprevencao\/wp-json\/wp\/v2\/comments?post=25"}],"version-history":[{"count":0,"href":"https:\/\/prevenseg-treinamentos.com.br\/portaldaprevencao\/wp-json\/wp\/v2\/pages\/25\/revisions"}],"wp:attachment":[{"href":"https:\/\/prevenseg-treinamentos.com.br\/portaldaprevencao\/wp-json\/wp\/v2\/media?parent=25"}],"curies":[{"name":"wp","href":"https:\/\/api.w.org\/{rel}","templated":true}]}}